
-1
What is the value of 30 + (-6 - 54 - -25)?
-5
Calculate 4 + (4 - -5) + 77 + -77.
13
What is the value of 1 - 13 - -1 - (-9 - (-2 - -5))?
1
3 + (-24 - (-8 + -26))
13
-23 - -22 - (-3 + -6)
8
What is -3 + (-15 + 6 - (1 - 4 - -2))?
-11
What is the value of 28 + (-39 - (-16 - -2))?
3
Calculate 1 - 0 - ((2 - 5) + 11).
-7
Evaluate -7 + 8 + 8 + -7 - -7.
9
What is -23 + 8 + (-37 - -56)?
4
Calculate -45 - ((-96 - -45) + -24).
30
6 + (-25 - -28) + 2 + 8
19
-18 - (-37 + 22 - 7)
4
What is 9 + -5 - (12 + 4) - 0?
-12
0 + 4 + -18 + (-26 + -11 - -29)
-22
What is the value of 1 + -6 + 8 + (-24 - -7)?
-14
Calculate 3 - (-1 + (9 - (6 - 6))).
-5
4 - (-1 - (0 - -2))
7
What is 298 + -317 + (-1 - -5)?
-15
What is 8 - (-9 + 2 - -17)?
-2
What is the value of -2 - (-19 + 19 - 18)?
16
Calculate -7 + -7 - (-10 + 11).
-15
Evaluate (2 + -22 - (64 - 72)) + -9 + 1.
-20
What is 0 - -5 - (211 + -207 - (2 - 9))?
-6
What is the value of 2 - 16 - -7 - ((-12 - -9) + 11)?
-15
-14 - 1 - (-183 - -171)
-3
17 + -28 - (-30 + 9 + -1)
11
What is the value of 4 - 7 - 7 - (13 + (-35 - -1))?
11
Evaluate 22 - (8 + 2) - 14.
-2
What is the value of -96 + 97 - (-12 + 0)?
13
(-1 - (12 + -10)) + -5 + -1
-9
What is -523 - -508 - (-9 + -1)?
-5
Calculate 2 + -8 - -11 - (-21 + 31) - 23.
-28
-28 + 1 - -12 - (-9 + 5)
-11
What is the value of (2 + -9 - (-29 + 14)) + 5?
13
What is 1 - (-2 + 4) - (-39 + 60)?
-22
21 - 1 - (-26 - -42)
4
Evaluate (7 - (2 + 5 + -6) - 0) + 0.
6
-3 + (-10 - (-20 - 11))
18
Evaluate -11 + (9 - ((5 - 14) + 10)).
-3
Evaluate 3 - 23 - (-73 + 66).
-13
-3 - (-12 + 11) - -21 - 3
16
Evaluate -27 + 45 - 8 - (-1 + 4).
7
11 + (2 - -10 - 6) + 3
20
What is the value of -40 - ((0 - 2) + -1) - (-671 + 663)?
-29
What is the value of -153 + 173 + (1 - 0) + (0 - 8)?
13
(-33 - -30) + (6 - -20)
23
Evaluate (-16 - -3) + (-32 - -33).
-12
What is 28 + (9 - 28) + -19?
-10
-22 - (-21 - 31) - 54
-24
-222 + 231 - (-4 + -1) - 8
6
What is -10 - 0 - (-39 - -33 - 11)?
7
Evaluate -4 + (-11 + 14 - 6) - (20 + -4).
-23
22 + (-4 - -4) + (0 - -9 - 16)
15
Evaluate 4 + (2 - -5 - 18) + 26 + -3.
16
Evaluate 7 - ((43 - 16) + -12).
-8
What is the value of -2 - (-21 - (-27 - -14))?
6
-3 - (-1 - -4) - (46 - 9 - 38)
-5
What is -7 + 1 + (-9 - (7 - 10))?
-12
-26 + (11 - (-15 - -14))
-14
Evaluate -20 + 10 + 14 - 0.
4
What is 14 + 2 - ((21 - -1) + 7 + -19)?
6
Evaluate (-17 - -5) + 5 + 27 + 3 + -2.
21
Calculate 8 - (1 - -9) - 4 - 8.
-14
4 + 12 + 3 + -2 + (-8 - -4)
13
Calculate (7 + -7 - 7) + 19 + 0 + 0.
12
What is 5 + -1 - (151 - 157)?
10
-15 - (2 - 9) - (0 + 1 + -11)
2
(12 - 12) + -10 + 3
-7
What is -9 + (4 - 14) - -24?
5
Calculate -14 - (1 - (2 - -11)) - (-16 + 1).
13
What is -4 + 1 + ((9 - 16) + 22 - 16)?
-4
Calculate 3 + 8 + -13 + (-1 + 0 - -13).
10
Evaluate -3 - (-26 + -1 - -13).
11
What is -33 + 45 + -22 - (-1 - 12)?
3
What is -24 + (31 - 8) - -11?
10
What is the value of 17 + -31 - -11 - ((-5 - -4) + 9)?
-11
What is (-204 + 219 - (15 - 1)) + 14?
15
What is 4 + -7 + -3 - (27 - 21)?
-12
What is 1 + (-6 + -3 - (1 + -21))?
12
Calculate -1 + 18 - (48 + -38).
7
(14 + -26 - -10) + (23 - -1)
22
Calculate (-6 - ((-4 - 8) + 7)) + -12.
-13
What is the value of (11 + -3 - -1 - -13) + 9?
31
What is -110 - (-15 + -24) - -48?
-23
114 - 126 - (-26 + (2 - 3))
15
Evaluate (452 - 411) + (-31 - -1).
11
Evaluate -57 + 106 + -54 + (-2 - (-1 + -22)).
16
-19 + ((-16 - 3) + 2 - -52)
16
(51 - 18) + 3 + -45
-9
(4 - 8) + -30 + 24 + 15
5
What is -3 + -40 + 33 - 18?
-28
Evaluate -22 - (-14 - 3) - 1.
-6
What is the value of -2 + (-16 - (16 + -19))?
-15
What is 278 + -273 - ((-9 - 2) + -2)?
18
Evaluate 16 + (-5 - (-1 - 4)) + -7.
9
What is -2 + -3 - (-13 - -19 - 12) - -5?
6
What is the value of 18 - (-10 - -10) - -1 - -2?
21
Calculate -2242 + 2241 - (-18 + (2 - 1)).
16
Evaluate (-5 - (-9 - -3) - -4) + (3 - -1).
9
Calculate 29 + -8 - (8 + 2 + -1).
12
What is the value of 49 - (-4 + 16 + 26)?
11
What is (14 + -48 - -29) + (1 - 19)?
-23
Evaluate -9 + 18 + (-6 - -9).
12
What is the value of 77 + -74 + (9 - -21)?
33
Calculate 22 + (-3 - 6) + -4.
9
Evaluate (-7 - (-11 + -1) - 7) + -15.
-17
Calculate -26 - (-39 - (-10 + 1)).
4
Calculate 2 + -21 + -5 + 15 + 17.
8
Evaluate (7 - 4) + 7 + -6 + 6.
10
13 - (0 - 0 - -4) - -2
11
-12 - (-23 + (-13 - -11) + 2)
11
16 + -14 - -5 - (1 - 3 - -11)
-2
(16 - (8 + -11)) + (-3 - -1)
17
0 + 10 + (305 - 318)
-3
(0 - -26) + (-9 - -5) + -592 + 603
33
What is -1 + 8 + -1 + -3 - (-2 - 7)?
12
What is (-6 + -1 - -4) + 11 - 6 - -4?
6
What is -5 - ((33 - -1) + (-267 - -261))?
-33
What is 14 + (1 - 2) + -19 + -28?
-34
Calculate (0 - ((-2 - 8) + -5 - -6)) + -6.
3
What is (1 - 0 - 14) + 115 + -105?
-3
-17 + (-20 - -10) + 21
-6
Calculate 4 + (6 - 2) + 5 + -3 - -6.
16
-6 - (-2 + (5 - -10 - 8))
-11
What is 1 + -36 - (-681 + 674)?
-28
What is the value of 25 - (25 - 13) - 12?
1
(-6 + -3 - 1) + -3 + 8
-5
What is the value of 0 + (-13 + -23 - -4)?
-32
-6 + -16 + 25 + (2 - 21)
-16
What is 0 + (-7 - -2) - (-23 + (18 - 7))?
7
What is 17 + -3 - (10 + 5 - 11)?
10
What is the value of (7 + -2 - 3) + 11 + (-6 - -3)?
10
Evaluate 50 - 42 - (-30 + 29 - (-1 - 1)).
7
What is (127 + -134 - (-16 - 2)) + -44?
-33
Evaluate 1 - (-10 + (-16 + 10 - -13)).
4
What is the value of -6 - (-10 + 12 + (-13 - -34))?
-29
What is the value of -1 + 5 - (-18 - (4 + (9 - 18)))?
17
Calculate -18 + (20 - 14) + (-1 - -3).
-10
What is the value of (-13 - (-12 + 0) - 11) + 41?
29
Evaluate 14 + 0 + -28 + (-12 - -32).
6
What is 18 + -2 + (4 - -4) + -13?
11
What is the value of -6 - (-54 - -52 - (-15 - -1))?
-18
Evaluate 70 - (-18 - -45) - 28.
15
Evaluate -2 + (-8 - -4) + 0 - -7 - -1.
2
What is -19 + (11 - -16) - (-14 + -3)?
25
What is -8 - (4 + -15) - (4 + 3) - -6?
2
Calculate (9 - -1 - -9) + (-1 - (6 + -4)).
16
What is the value of -17 + 9 - -8 - 6?
-6
What is -5 - (1 - 1) - -18?
13
Evaluate (6 - (17 + -36) - 14) + -43.
-32
What is the value of 1 - (7 - -6 - -2 - 5)?
-9
What is 4 + -10 + 10 - 1?
3
What is -34 + (-21 - 13) + 86?
18
What is -25 - (-22 - (13 - 26))?
-16
What is -18 - -17 - (60 - 68)?
7
What is 7 + -16 - (-72 + 70) - (-27 + 0)?
20
Calculate -3 + 29 + -32 + (-1 + 21 - -1).
15
What is 8 + 27 + -276 + 264?
23
-13 - (-13 + 35 - 28)
-7
(-15 - -20) + (0 - -15)
20
(-4 + -2 - (-31 - -3) - 2) + -3
17
Evaluate 1 - (31 + -34) - (-12 - 0).
16
-4 - ((3 - -22) + -46)
17
Evaluate 5 + (3 - 11) - (-3 - (-3 + -25)).
-28
Calculate (-26 - (-8 - -22)) + 29.
-11
What is the value of -2 - -1 - -17 - (-469 + 454)?
31
What is 10 + ((-41 - -10) + 5 - -6)?
-10
Calculate -58 - -67 - (0 - 0).
9
Calculate -20 - (-12 + 13 - 9 - -9).
-21
Calculate -5 - (3 + (2 - (3 + -5) - 24)).
12
Evaluate -51 + 38 + (-4 - -1 - -3 - -5).
-8
What is (9 - (-7 + (20 - (1 - -4)))) + 0?
1
What is (10 + 6 - (0 - 1)) + (49 - 56)?
10
What is (21 - 18 - 23) + (1 - -8)?
-11
What is the value of 3 - 22 - -6 - -21?
8
What is -87 + 87 + (-1 - 4) + 7?
2
What is 2 - 2 - ((4 - 22) + 7 + -7)?
18
-11 - 3 - (8 + -30) - 44
-36
2 - 8 - (-8 + (-7 - -6 - -6))
-3
6 + -3 - -4 - (1 + 24 + 0)
-18
What is the value of 25 + -14 + -40 + 16?
-13
Calculate (-2 - -1) + (15 - 11) + -5.
-2
What is 8 - (1 + -8 + 3 + 1 + 2)?
9
What is the value of 2 - 1 - (11 + (-7 - -5) + 1)?
-9
Evaluate 18 + (0 - -26) + -15.
29
(-7 - (-2 + -9)) + -2 - (1 + 6)
-5
-4 + 0 + -95 + 95
-4
Evaluate (4 - 10) + (7 - 3 - -4) + -17.
-15
Evaluate 11 - 43 - (-44 + -9).
21
Calculate (-135 - -134) + (4 - 0).
3
Evaluate 2 - (0 + -9 - (66 + -66)).
11
Evaluate -69 + 70 + (1 - 1).
1
Calculate 3 + -9 + -3 + (7 - 0).
-2
What is -13 + (2 - 19) + (-19 - -8 - -19)?
-22
(-3 - 32) + -23 + 85
27
Calculate (-2 - (6 + (-4 - 6)) - -4) + -3.
3
Calculate (20 - 36) + 21 + (-2 - (-1 - 0)).
4
Calculate -30 + (28 - 30 - -10).
-22
What is -1 + -3 - 2 - (-5 + 6) - -10?
3
2 - -6 - (7 + 0 + 4)
-3
Calculate 27 + (-3 - (7 + (2 - (2 - -3)))).
20
What is the value of -2 - (-2 + -7) - (-10 + -2 + 19)?
0
Calculate 23 + (-15 + -8 + 6 - -10).
16
What is 224 + -217 - ((0 - -14) + 2)?
-9
65 + -35 - 46 - (-19 + -1)
4
Evaluate (-2 - -18) + (-4 - 38).
-26
What is the value of (-71 - -21) + 23 + 4?
-23
What is 5 - (-5 + -2 - -14) - (46 - 36)?
-12
Calculate -5 + (7 + 3 - 5) + 9.
9
What is the value of -36 - -3 - -19 - (-26 - -1)?
11
Calculate 25 + (-8 - -15) + -35.
-3
-11 + -2 + -29 + 45
3
-67 + 54 + (6 - -6) + -17 + 